24?
2, 11
Let l(i) = i**3 + 7*i**2 + 7*i + 14. Let h be l(-6). Suppose -c + 193 = 3*y, -h = -c - c. List the prime factors of y.
3, 7
Let j(w) = -w**3 + 53*w**2 + 44*w - 164. List the prime factors of j(53).
2, 271
Suppose 0 = 80*b - 82*b. List the prime factors of 14 - (b/(-4 - -3))/2.
2, 7
Let s(o) = -o**2 + 5*o + 11. Let q = 27 + -19. Let f be s(q). Let c = 15 + f. What are the prime factors of c?
2
Suppose -2*x = -5*s + 13291 - 1434, x = -5*s + 11869. What are the prime factors of s?
3, 7, 113
Suppose 2*f - 90 = 7*f. Let c be 1*23 - f/(-9). List the prime factors of 18/(c/6 + -3).
2, 3
Suppose 2 = -2*f + 4*f. Let o = -19 + 18. List the prime factors of (o - f - 0) + 27.
5
Let l(v) be the first derivative of -v**3/3 + v**2/2 + 7*v - 2. Let q(u) = -u**2 - 23*u - 22. Let s be q(-22). What are the prime factors of l(s)?
7
Let y(k) = -k**2 + 2 + 21*k - 8 - 15*k. Let c be y(4). List the prime factors of (-2)/(-3)*(5 - c).
2
What are the prime factors of 256/(-24)*15*-5?
2, 5
Let t = -19 - -16. Let z be 1*(t - -2) - 0. Let l(c) = -c + 2. List the prime factors of l(z).
3
Let x = 29 - 29. Let n be (-4)/(x + (-4)/358). List the prime factors of n/7 - 5/35.
3, 17
Let s(x) = -x**2 + 17*x - 12. Suppose -40 - 4 = -w. Suppose d = -4*d + 25, -w = -2*u - 4*d. What are the prime factors of s(u)?
2, 3
Suppose -3*s + 2*t = -5, 6*s - 3*t = 3*s + 6. Let k = -33 + s. Let w = 30 - k. List the prime factors of w.
2, 31
Let p = 2665 + -626. List the prime factors of p.
2039
Suppose -3*q = 5*z - 40, 4*z = 5*q - 5 - 0. Let v = 8 - z. Suppose 0 = -v*p - p - l + 129, 5*p - 165 = -2*l. List the prime factors of p.
31
Let z(o) = -3*o**2 - 6*o - 1. Let t(h) = h**2 + 3*h + 1. Let v(l) = -5*t(l) - 2*z(l). Let x be v(3). What are the prime factors of (-13)/x + 5/(-15)?
2
Let l = 6 - -864. List the prime factors of l.
2, 3, 5, 29
Let y(b) = b - 14. Let i be y(-16). Let x = i + 100. List the prime factors of x.
2, 5, 7
Let t = -207 + 109. Let u = 11 - t. List the prime factors of u.
109
Let h(d) be the first derivative of -d**2 + 11*d + 5. Let t be h(5). What are the prime factors of 2/(-4)*(-50)/t?
5
Let u(b) = 14*b + 22. Let p be u(6). Suppose 2*o - 152 - p = 0. List the prime factors of o.
3, 43
Let u = -626 - -1387. List the prime factors of u.
761
Suppose 6*i - 257 = 2359. List the prime factors of i.
2, 109
Let d(s) = s - 4*s**2 + s**3 - 66 - 4*s + 54. List the prime factors of d(6).
2, 3, 7
Let s = 781 + -385. List the prime factors of s.
2, 3, 11
Let q(u) = u**2 - 5*u + 1. Let d be q(4). Let j be 3 - 0*d/6. What are the prime factors of 12/18 + 151/j?
3, 17
Let f(v) = -v - 1. Let i be f(-3). Suppose 3*h - 205 + 69 = -w, 0 = -i*w + 3*h + 263. What are the prime factors of w?
7, 19
Suppose -z - 6*v + 135 = -v, -z + 5*v = -85. Let d be -3 - (-4)/(-8)*-6. Suppose -2*j - 4*t + z = -d*j, -2*t = -j + 63. What are the prime factors of j?
59
Let i = 1906 + 342. What are the prime factors of i?
2, 281
Let q(y) = -4*y + 8*y - 2 + 3 + 6*y. Let o be q(5). Let w = o + -24. What are the prime factors of w?
3
Suppose 190*v - 182*v = 12296. What are the prime factors of v?
29, 53
Let y(v) be the first derivative of 14*v**3/3 - 3*v**2/2 + 5*v + 8. What are the prime factors of y(2)?
5, 11
Suppose -11*j = -53 - 2. Suppose j*q = 3*b - 326, -5*b - 2*q + 0*q = -502. What are the prime factors of b?
2, 3, 17
Suppose 38*a - 32340 = -11*a. What are the prime factors of a?
2, 3, 5, 11
Suppose 19 - 49 = 3*z. List the prime factors of (-35)/((-4)/(-3) - z/(-6)).
3, 5, 7
List the prime factors of (192/40)/((-9)/(-780)).
2, 13
Let i = 15 + 7. Let u be (-2)/4 + i/4. What are the prime factors of u - (-3 - (0 + -5))?
3
Suppose 10*j - 3*j - 6944 = 0. List the prime factors of j.
2, 31
Let q = -23 - -44. What are the prime factors of 3/q - (-328)/7?
47
Let h(t) = -523*t + 7. Let g be h(11). What are the prime factors of 2/(-11) + g/(-143)?
2, 5
Let k = 16 - 16. Suppose 3*c + 260 = d, 240 = -3*c - k*c - 3*d. Let a = -55 - c. List the prime factors of a.
2, 3, 5
Let y(p) = p**3 + 16*p**2 + 26*p - 5. List the prime factors of y(-12).
7, 37
Suppose 0 = 2*w - 24 + 8. Suppose 53 = 5*y + w. Suppose -m + y = -22. What are the prime factors of m?
31
What are the prime factors of (-45087)/(-49) + 6/7?
3, 307
Let v be (-1)/(5*(-2)/(-10)). Let g(h) = -h. Let f(k) = 9*k - 11. Let p(n) = v*f(n) - 2*g(n). What are the prime factors of p(-8)?
67
Suppose -5*v = -15*v + 300. What are the prime factors of v?
2, 3, 5
Suppose -2*t + 5*v = -3*t - 90, -235 = 4*t - 5*v. What are the prime factors of 4/10 + (-3874)/t?
2, 3, 5
Let v = 5335 - 3792. What are the prime factors of v?
1543
Let o(y) = -y**3 + 19*y**2 - 25*y + 36. Let w be o(18). Let z = 48 - w. List the prime factors of z.
2, 3, 23
Let s = 402 + -264. Suppose 240 = 4*z - 5*b, 2*z + 2*b = -36 + s. Let h = z - 26. List the prime factors of h.
29
Let h = 2297 - 1215. List the prime factors of h.
2, 541
Let v(t) = -30*t + 19. List the prime factors of v(-3).
109
Let x be (6/(-4))/(4/(-8)). Suppose -u + p = -3*p + 12, 5*u - x*p = 25. Let t(h) = -h**2 + 11*h - 7. List the prime factors of t(u).
17
Suppose -89 - 311 = 5*x. List the prime factors of (x/(-25))/((-4)/(-40)).
2
Let k(h) = 2*h**3 + h**2 - 4*h + 15. What are the prime factors of k(7)?
2, 19
Suppose -4*f + 3255 = -3*g, -5*f = 27*g - 23*g - 4061. List the prime factors of f.
3, 271
Let w = 7 + -3. Suppose -v - w*y - 986 = 2*v, 3*v = 5*y - 995. List the prime factors of (8/(-10))/(12/v).
2, 11
Suppose -391 = -3*m + 242. List the prime factors of (-12)/(-3 - 1) + m.
2, 107
Let b(y) be the second derivative of y**4/12 + 4*y**3/3 - 4*y**2 + 5*y. Let u be b(-9). Let v(h) = 6*h - 1. What are the prime factors of v(u)?
5
Let l(w) = w**3 + 20 + 6*w**2 - 5*w - 16 + 0*w**3 - 9. Let c be l(-4). What are the prime factors of c - -6*5/10?
2, 5
Let u = 1744 + -1143. List the prime factors of u.
601
Let l(d) = -2*d - 16. Let p be l(-9). Suppose 0 = 3*o + 6 + 3, p*o + 496 = 5*u. Suppose 0 = -2*w + 10 + u. What are the prime factors of w?
2, 3
Let i be (-230)/(-6) + ((-2)/(-3))/(-2). Let c(m) = -11*m - 1. Let o be c(2). Let z = i + o. What are the prime factors of z?
3, 5
Let h(k) = 5*k**2 - 5*k + 62. List the prime factors of h(7).
2, 17
Let h be (15/2)/(1/2). Suppose 0 = 3*v - 4*f - h, 5*f + 17 = v + v. Let n(r) = 13*r. What are the prime factors of n(v)?
13
Suppose 19 = 7*o + 75. Let x = 144 + o. What are the prime factors of x?
2, 17
What are the prime factors of ((-168)/(-140))/((-2)/(-10)) + 1647?
3, 19, 29
Let x(c) be the third derivative of -c**6/120 + c**5/10 + c**4/8 - 2*c**3/3 + c**2. Let t be x(5). Let g = t + -22. What are the prime factors of g?
2, 7
Let z = 46 + -14. Let x = 116 - z. List the prime factors of x.
2, 3, 7
Let a(f) = -f**3 + 9*f**2 - 8*f + 3. Let h be a(8). Suppose -g = -0*g - 4*i - 91, -4*i = h*g - 193. List the prime factors of g.
71
Suppose 7*n - 5*n + 5*p = 533, 268 = n + 4*p. What are the prime factors of n?
2, 3, 11
Suppose -5*r - 3777 = -12157. What are the prime factors of r?
2, 419
Suppose -3*g = 2*t - 2268, -4*g - 614 = 2*t - 2882. Suppose -7*b + 770 = -t. What are the prime factors of b?
2, 17
Suppose -10*g = -12*g + 10. Suppose -17 = -5*q - 4*w, -2*w - 5 = g*q - 26. Let k = 37 - q. What are the prime factors of k?
2
Let g be (-20)/50 + 51/15. Suppose f = 104 + g. List the prime factors of f.
107
Let p(c) = -c + 31. Let t be p(0). Suppose -t*h + 20*h + 649 = 0. What are the prime factors of h?
59
Let j = -28 - -32. What are the prime factors of (-730)/(-22) + ((-32)/44)/j?
3, 11
Suppose -5*u = 60 - 160. Let s be ((-48)/20)/(9/(-15)). Suppose -s*h + 104 = -u. What are the prime factors of h?
31
Let x = -284 + 712. What are the prime factors of x?
2, 107
Suppose 0 = -2*n + 4*c + 4, n + n + 4 = -4*c. Suppose n = -5*f + 2 + 493. List the prime factors of f.
3, 11
Let k(h) = -h**3 + 0*h + h**2 - 7*h**2 + 0 + 4*h + 3. List the prime factors of k(-7).
2, 3
Let h = -4826 - -6869. What are the prime factors of h?
3, 227
Suppose 3*q = -3*s - q - 83, 5*q - 15 = s. Let z = s + 37. Suppose z = -m + 49. List the prime factors of m.
37
Let x = 93 + -88. Suppose -x*h = -4*h - 158. List the prime factors of h.
2, 79
Suppose 202876 = 58*u + 31776. What are the prime factors of u?
2, 5, 59
List the prime 